vided by j(-12).
20
Suppose 0 = 2*p - 10, -26 = 4*n - 2*p + 4*p. What is the remainder when (n/6)/(9/(-1224)) is divided by 23?
20
Suppose 21 + 5 = 2*n - 36. Suppose 0*f + f = 56. What is the remainder when f is divided by n?
25
Let g = 24725 - 23157. What is the remainder when g is divided by 522?
2
Let o(a) = 7118*a**2 - 30*a - 23. Calculate the remainder when o(-1) is divided by 1781.
1
Let c = 17 - -13. Suppose 5*b + 2*u = 10, u - 25 = 3*b - 4*u. Suppose b = -23*k + 28*k - 85. What is the remainder when c is divided by k?
13
Let h = 473 + -446. Let m = 2 - -45. Calculate the remainder when m is divided by h.
20
Let q = 804 - -1587. What is the remainder when q is divided by 26?
25
Let w = -578 + 137. Let x = w - -454. What is the remainder when 28 is divided by x?
2
Let j = -235 - -237. Suppose j*c + 8865 = 11*c. What is the remainder when c is divided by 26?
23
Let p(z) = -7*z**3 - z**2. Suppose b + 4 - 8 = 0. Let i(x) = 3*x**2 - 6*x - 9. Calculate the remainder when i(b) is divided by p(-1).
3
Suppose 183 = 3*x - 2*g, 84 = -3*g + 93. What is the remainder when 81 is divided by x?
18
Let f = 223 - 220. Suppose f*t = -2*p + 737, -5*t + 8*p = 3*p - 1220. Suppose -2*o - 2*o + 124 = 0. What is the remainder when t is divided by o?
28
Suppose 2*l + 11 = 4*k + 3*l, -3*k + 12 = -3*l. Suppose -232 = -2*d + k*a + a, 3*d - 351 = 3*a. Calculate the remainder when d is divided by 30.
28
Let g = -6763 - -6837. What is the remainder when 251 is divided by g?
29
Suppose -1649*q = -1547*q - 29784. Calculate the remainder when q is divided by 47.
10
Let v(d) = 2*d**2 - 20*d + 63. Let r(a) = 2*a**2 - 21*a + 63. Let w(y) = -5*r(y) + 4*v(y). What is the remainder when 539 is divided by w(6)?
14
Suppose 318*c - 74093 = 69961. What is the remainder when c is divided by 112?
5
Let b(l) = 9*l**2 + 4*l - 2. Let t(x) = 82*x + 3795. What is the remainder when b(3) is divided by t(-46)?
22
Let r be -3 + 12 + (-7 - -3). Suppose -r*m - 23 = -108. Calculate the remainder when (664/24)/(((-4)/6)/(-2)) is divided by m.
15
Suppose 172*l = 218272 - 30682 + 155206. Calculate the remainder when l is divided by 84.
61
Let z be 6*3*(2 + (-16)/12). Let r(b) = 2*b - 21. Let x be r(z). Suppose 97 = -x*i + 547. What is the remainder when i is divided by 51?
48
Suppose -5*j + 2 = 4*n, 3*j = -27*n + 24*n. Suppose 8*f = j*f + 186. What is the remainder when 278 is divided by f?
30
Let b(n) = -342*n - 1543. Calculate the remainder when b(-6) is divided by 51.
50
Let q(h) = -4*h - 6. Let r be q(-2). Suppose 0 = 4*p - 2*z - 6, 4*p + r*z - 2 + 0 = 0. Let x(d) = 15*d - 6. What is the remainder when 30 is divided by x(p)?
3
Let a(y) = y**3 + 68*y**2 - 72*y - 198. What is the remainder when 3283 is divided by a(-69)?
7
Suppose 342 = 2*m + 3*x - 4*x, 5*x + 845 = 5*m. Let p = m + -160. Let s = -15 - -104. What is the remainder when s is divided by p?
11
Suppose 0 = 28*y - 29*y - 26. Suppose -5*r - n = -29, -4*r + n + 1 = -3*r. What is the remainder when (y/(-52))/((-2)/(-208)) is divided by r?
2
Suppose 4*r = 5*d - 4*d + 68, -10*r - 2*d = -134. Calculate the remainder when 282 + 0 + -1 + 1 is divided by r.
12
Calculate the remainder when 169 is divided by (-2 + 0)/(((24/246)/2)/(-3)).
46
Let a = -508 - -507. What is the remainder when 114 - (a/(-6) + (-66)/(-36)) is divided by 12?
4
Suppose 0 = 149*c - 118*c - 2015. What is the remainder when 477 is divided by c?
22
Let y(w) = -3*w + 13. Let z(b) = -6*b + 27. Let i(s) = -13*y(s) + 6*z(s). Let c = -10805 + 10844. What is the remainder when c is divided by i(9)?
19
Suppose f - 10 = t, 4*f - 58 = -9*t + 7*t. Calculate the remainder when 4232 is divided by f.
7
Let a = 974707 + -974682. Suppose 3*i = 2*z - 144, 4*i = -3*z + 85 + 165. Let x = -31 + z. Calculate the remainder when x is divided by a.
22
Suppose -477 - 114 = -3*y. Calculate the remainder when 603 is divided by y.
12
Suppose -5*x + 78*x - 18688 = 0. Calculate the remainder when 563 is divided by x.
51
Calculate the remainder when (-36 - 10093479/(-330)) + 6/(-20) is divided by 76.
74
Let a(b) = -b**3 + 6*b**2 + 7. Let i be a(7). Let o = i - -46. Suppose s = o*s - 132. Calculate the remainder when s is divided by 16.
12
Suppose -8268 = 6796*t - 6808*t. Calculate the remainder when t is divided by 14.
3
Let c be (-12)/8*(4 - (-50)/(-15)). Calculate the remainder when 4 + 38 + 0 - c is divided by 3.
1
Let b be 3 + -119 + (-8)/2. Let l = 155 + b. What is the remainder when 101 is divided by l?
31
Calculate the remainder when 17 is divided by 94/8 + (-93)/(-372).
5
Suppose 2*m + 2*z - 70 = 0, 5*z - 3*z + 80 = 3*m. Suppose -4*d - 34 = -6*d. Suppose -d - 10 = -3*r. Calculate the remainder when m is divided by r.
3
Let w(q) = 220*q + 1570. What is the remainder when w(7) is divided by 20?
10
Let d = 1965 - 1827. Calculate the remainder when d is divided by 88.
50
Suppose 0 = -12*n + 12142 - 1342. Suppose -n*w + 380 = -895*w. Calculate the remainder when w is divided by 17.
8
What is the remainder when (104/(-16))/((-8)/224) is divided by 42?
14
Let x = -2932 - -6758. What is the remainder when x is divided by 132?
130
Suppose -5*i = -36 - 79. Suppose 0 = -15*a - 6*a + 1323. What is the remainder when a is divided by i?
17
Let m be 3/(-6) - 354/12. What is the remainder when 169 - m/(-2 - -7) is divided by 22?
21
Let o(d) = 2*d**3 - 117*d + 116. Calculate the remainder when 6 is divided by o(1).
0
Let z = -7 - -20. Calculate the remainder when 1909 is divided by z.
11
Suppose -87*a + 564366 = 287*a. What is the remainder when a is divided by 42?
39
Let v = 8541 - 8497. What is the remainder when 46 is divided by v?
2
Let q be -213 + 0 + (-2 - -8) + -2. Let g = q + 235. What is the remainder when g is divided by 4?
2
Let l(s) = 24 + 13*s**2 - 4*s + 6*s**2 - 30*s**2 + 9*s**2. Let n be l(12). Let a = n - -448. Calculate the remainder when a is divided by 28.
24
Let f(d) = -5*d**3 - 3*d**2 + 5*d + 5. Suppose 19*j = 46*j - 540. What is the remainder when f(-4) is divided by j?
17
Let h be 3220/7 - (-1 - 7). Suppose 16*z = 476 + h. Calculate the remainder when z is divided by 23.
13
Suppose -5*h = -565 - 295. Let x = 201 - h. Calculate the remainder when x is divided by 29.
0
Let r(d) = d + 66. Let f be r(-16). Suppose 4*l + h = 94, -3*l - 4*h + 27 = -f. Suppose 8*a = l*a - 630. What is the remainder when a is divided by 11?
9
Suppose -3*d - 3 + 1 = -j, 3*j - 4*d = 11. Suppose 2*z = -3 - j. Let q = 7 + z. What is the remainder when 11 is divided by q?
2
Calculate the remainder when 276 is divided by 60/8*48/9.
36
Suppose 7*w + q - 762 = 6*w, 4*w - 3051 = -3*q. Let f = w + -527. Calculate the remainder when f is divided by 11.
7
Suppose 0 = 2*m + 8, m + 603 = 3*k - 829. Suppose -61*u + 47*u + k = 0. What is the remainder when u is divided by 4?
2
Let i(u) = 170*u - 15. Let m be i(10). Let z = m - 1099. Calculate the remainder when z is divided by 19.
16
Let g(m) = 94*m**2 - 8*m. Calculate the remainder when g(1) is divided by 58.
28
Let y = 381 + -546. Let v = -118 - y. Suppose a = -5*q + v, 5*q + 3*a - 55 = -2*a. Calculate the remainder when 16 is divided by q.
7
Let n(f) = -f**3 + 147*f**2 + 1080*f - 287. What is the remainder when 6547 is divided by n(154)?
16
Let l(i) = -i**2 + 7*i + 10. Let f be l(6). Suppose f*s - 530 = 686. Calculate the remainder when s is divided by 16.
12
What is the remainder when 284 is divided by (207/46)/(10/6 - (-6)/(-4))?
14
Suppose -6*k = 14*k - 1020. Suppose w + 3*l = -2*w + k, 0 = 2*l. Let f(o) = 5*o - 1. Calculate the remainder when w is divided by f(2).
8
What is the remainder when 342 is divided by 660/176*(2 - -42)?
12
Let v(y) = 67*y**2 + y. Suppose 5*w = w, -2*s = -3*w + 2. Calculate the remainder when v(s) is divided by 14.
10
What is the remainder when (1332868/3468)/(-1 + 4/3) is divided by 56?
33
Let s(u) = 4*u**2 + 23*u - 247. Calculate the remainder when s(8) is divided by 174.
19
Let k be (13 - 17) + (-2 + 0)*-114. Let n = 284 - k. Calculate the remainder when n is divided by 32.
28
Suppose 36 = -r + 7*r. Suppose -2*c = 3*z + 2, -3*c + 5*c + 8 = 0. Suppose -3*h + 5*h = 3*x - 2, 0 = z*h - 2*x. What is the remainder when r is divided by h?
0
Let x be 1 - 0 - ((1 - -242) + 3). Let t = x - -323. Calculate the remainder when t is divided by 130/8 - (-1